igit of t(3)?
0
Suppose -35 = -3*c - 4*a, -5*c - 3*a + 40 = -0*a. Suppose 2*w = c*w - 198. What is the units digit of w?
6
Let l(r) = -r**3 + 10*r**2 - 6*r - 9. Let n = -24 - -26. Suppose 6 = f + 3*q, -q - q = -n*f + 20. What is the tens digit of l(f)?
1
Let n(c) be the third derivative of c**4/24 + c**3/2 - 6*c**2. Let j be n(-3). Let y(h) = h**2 + 11. What is the tens digit of y(j)?
1
Let q = -2 + 4. Suppose -q*z - 2*z - 3*u + 5 = 0, -5*z = 3*u - 4. Let s = 38 - z. What is the units digit of s?
9
Suppose 0 = 51*t + 24676 - 101941. What is the units digit of t?
5
Suppose -5*p = -12 + 12. Suppose p = -7*i + i + 702. What is the hundreds digit of i?
1
Suppose -5*d + 22 = g, -2*d = -5*g - 0*d + 2. Let w(a) = -a + 15*a + g - 1 + 4*a. What is the tens digit of w(1)?
1
Let s = -28 - -41. Suppose -6*z + s = -41. Suppose z*f = 7*f + 4. What is the units digit of f?
2
Let h = -2 - 15. Let k = h - -10. Let o(y) = y**3 + 7*y**2 + 9. What is the units digit of o(k)?
9
Let r(c) = 10*c**2 + 10. Let w be r(8). What is the units digit of (-1)/3 - w/(-15)?
3
Let h(n) = 529*n**2 - 3*n + 4. What is the hundreds digit of h(1)?
5
Let g(j) = -j - 3. Let t be g(-3). Suppose 3*r - 3*w = 228, 0 = -5*w - t + 10. What is the units digit of r?
8
Let m(q) be the first derivative of -2*q**2 + q - 3. What is the tens digit of m(-3)?
1
What is the hundreds digit of -3 - (1 - -1 - (8 - -1850))?
8
Let s = -63 - -19. Let i = s + 89. What is the tens digit of i?
4
Suppose 0 = -5*b - p + 6372, -6*b + 5*b = 3*p - 1266. What is the hundreds digit of b?
2
Let q(h) = 3*h**3 + 8*h**2 - 6*h. Let f be q(-4). Let z = 0 - f. What is the units digit of z?
0
Let y(f) = 4*f - 3*f - 3 + 4*f. Let o = -40 + 45. What is the units digit of y(o)?
2
Let k = 15 + 55. Let u = k + -36. What is the units digit of u?
4
Suppose 3*l + 10 + 2 = 0, 0 = -4*p - 4*l + 1804. Suppose -5*a + p = 100. What is the tens digit of a?
7
Let q(t) = -35*t - 118. Let z(x) = -18*x - 60. Let h(y) = 3*q(y) - 5*z(y). What is the tens digit of h(-16)?
8
Let r(l) be the second derivative of 1/3*l**3 - 3/2*l**2 - 1/20*l**5 - 10*l + 0 + 5/12*l**4. What is the units digit of r(5)?
7
Suppose -1821*p + 9606 = -1818*p. What is the units digit of p?
2
Suppose -2*u - 2*r = 616, -5*r = -4*u - 10*r - 1228. Let y = 536 + u. What is the units digit of y?
4
Suppose -2*m = 3*m - 20. Suppose m*c - 124 = -0*c. What is the units digit of c?
1
Suppose 3*g - 2 = 4. Suppose -2*k + x + 2*x = -12, -g*k + 4*x + 14 = 0. Suppose -t - 4*d = -28, -3*d - 55 - 59 = -k*t. What is the tens digit of t?
3
Let s = 148 + -145. Suppose 0 = -2*d + 3*f + 647, 11*f - 9*f = -s*d + 951. What is the tens digit of d?
1
Let u = -1 - -4. Let x be 24 + 0 - (-9)/3. Suppose -2*p - 99 = -3*g - x, g - 24 = u*p. What is the units digit of g?
4
Let y(a) = a**2 + a - 42. Let z be y(0). Let p be ((-9)/(-3) - 4) + z. Let o = 8 - p. What is the tens digit of o?
5
Suppose -2*j = -4*z + 349 - 1327, 5*j - 509 = 2*z. Let f = z + 343. What is the units digit of f?
1
Suppose f - 22 + 18 = 0. Suppose 3*v + f*g + 0*g - 537 = 0, 3*v - 2*g = 519. What is the tens digit of v?
7
Let p(x) = 4*x**2 - 21*x + 99. What is the units digit of p(14)?
9
Suppose 5*a - 8633 = -2*k + 6919, -5*k + 3115 = a. What is the hundreds digit of a?
1
Suppose 3*c - 4*c + 68 = 0. Let l = c - 32. Suppose v = l + 32. What is the units digit of v?
8
Let c = -76 - -80. What is the hundreds digit of c/4 - 1*(-465)/3?
1
Let f(q) = -2*q + 3. Let l(d) = -55*d**2 - 12*d + 19. Let c(o) = 6*f(o) - l(o). Let u be (0 - -1)*(0 - 1). What is the units digit of c(u)?
4
Suppose 0 = 4*f - 9*f + 2435. Suppose 805 = 5*a - 2*g, -2*g = -3*a - 0*a + f. What is the tens digit of a?
5
Suppose -5*o - 3*f + 51 = -231, -5*o = -3*f - 258. Suppose -3*h + 0 + o = 0. Let y = 36 - h. What is the units digit of y?
8
Suppose -k + 20*k - 32585 = 0. What is the thousands digit of k?
1
Suppose 0 = -25*g + 10303 + 6147. What is the hundreds digit of g?
6
Suppose -f - 5*q - 484 = -2*f, -q = 3*f - 1468. What is the tens digit of f?
8
Suppose -3*p = -45 - 21. Let f = p - 21. What is the units digit of f*3 + -15 + 32?
0
Suppose 0 = -13*c + 6764 + 28687. What is the hundreds digit of c?
7
Let s(i) = i - 8. Let l be s(8). What is the units digit of (-4)/(-2) + (l + -3 - -30)?
9
Let a(d) = 263*d**3 - d**2 - 4*d + 12. What is the thousands digit of a(2)?
2
Let d = -97 - -103. Suppose d + 2 = 8*l. What is the units digit of l?
1
Let x = 9 + -2. Let k(j) = 9*j - 8. Let i be k(x). Let g = i - 17. What is the tens digit of g?
3
Let n be (-4)/30 + (-276)/(-45). Suppose x + n = 3*x. Suppose -23 + 89 = x*j. What is the units digit of j?
2
Suppose 83 = i + 29. Let x = -31 + i. What is the units digit of x?
3
Suppose -2*f + 1140 = -236. What is the hundreds digit of f?
6
Let i(r) = -r**3 + 7*r**2 + 4. Let b be i(5). Suppose -3 = -y + q + b, -y + 2*q = -54. What is the tens digit of y?
6
Suppose -5*g = 4*f - 1337, -5*g - f + 3*f = -1349. What is the hundreds digit of g?
2
Suppose 411 + 359 = -10*v. Let c = v - -144. What is the tens digit of c?
6
Let j(b) = b**3 - 23*b**2 - 17*b - 9. What is the tens digit of j(24)?
5
Suppose 34*r = 31*r + 1275. Let k = -262 + r. What is the hundreds digit of k?
1
Suppose 2*k - 5*n = 0, -n = 4*k - 0*n. Suppose k = 6*h - 252 - 144. What is the units digit of h?
6
Let u(y) = 1860*y**2 - 5*y + 7. What is the thousands digit of u(1)?
1
Let g(t) = 6*t**2 + 10*t + 13. What is the units digit of g(-13)?
7
Let j = -6 - 66. Let f = -87 + 59. Let q = f - j. What is the units digit of q?
4
Let q be 0 + 313 + (-1)/1. Suppose -5*i = i - q. Suppose 19 - i = -o. What is the tens digit of o?
3
Let y(p) = 2*p + 9. Let b(q) = -q. Let v(u) = 4*b(u) - y(u). What is the units digit of v(-6)?
7
Suppose 7*h - 8 = -h. What is the units digit of (-116)/6*(6/(-4))/h?
9
Let v = 199 - 282. Let t = 31 - v. What is the units digit of t?
4
Suppose 12 - 45 = -3*h. Suppose -1 + h = 5*q. Suppose -5*y = 3*g - 23 - 34, q*g + 3*y = 39. What is the tens digit of g?
2
Let t = -27 + 58. Suppose 3*c - t + 4 = 0. Suppose c = 2*g - g. What is the units digit of g?
9
Let q = 45 + -44. Suppose k + q = 49. What is the units digit of k?
8
Suppose -4*d + 5*a + 25 = -0, a + 26 = 5*d. Let k(w) = -w**3 + 4*w**2 + 4*w + 5. Let t be k(d). Suppose -r = -t*r - 19. What is the tens digit of r?
1
Suppose -31 = -3*u + 2. What is the tens digit of (-3)/(43/u + -4)?
3
Suppose -t + 5*k = -1034, -4*t + 1390 + 2731 = -5*k. What is the tens digit of t?
2
Let i(u) = u**2 - u + 2*u**2 + u**2 - 2 - 3*u**2. Let s be i(-2). Suppose -2*n + 2*m - 4*m = -18, -3*n + s*m - 1 = 0. What is the units digit of n?
5
Suppose -4*s - 3*k - 2*k = -2929, k + 3683 = 5*s. Suppose 0 = -2*m - 4*b + 386, 0*b + b + s = 4*m. What is the tens digit of m?
8
What is the units digit of (-3)/(-6) + -1 + 16995/10?
9
Let c(x) = -7*x - 5. Suppose -2*t + 4 = -3*t. Let u be t - (0 - 3)*-1. What is the tens digit of c(u)?
4
Suppose -5*u + 10649 = 2*c, -3*c + c + 2*u + 10684 = 0. What is the units digit of c?
7
Let s(g) = 25*g - 9. Let h(k) = k + 4. Let v(r) = -2*h(r) - s(r). Let y = 1 + -2. What is the tens digit of v(y)?
2
Suppose 12*k = 10*k. Suppose -92 + 14 = -2*m + 3*f, k = -m - 3*f + 30. What is the tens digit of m?
3
Let v(w) = 26*w**2 - 25*w + 2. What is the units digit of v(-5)?
7
Suppose -2*i = 6 + 6. Let p(w) = -w**2 - 13*w. Let d be p(i). What is the tens digit of (10/7)/(6/d)?
1
Let p = -948 + 1783. What is the hundreds digit of p?
8
Suppose 16*t = 4926 + 546. What is the hundreds digit of t?
3
Let z(y) = 3*y - 28. Let g be z(12). What is the units digit of (1 - 18/g)/((-31)/248)?
0
Let f(g) = -g + 13. Let y be f(11). Suppose 0 = -0*l + y*l - 4. Suppose 6*o - 52 = l*o. What is the units digit of o?
3
Let a(l) = -l**3 - 4*l**2 + 5. Let o be (16/(-12))/((-1)/(-3)). Let s be a(o). Suppose -4*y + s*w = -y - 85, -4*w + 156 = 4*y. What is the units digit of y?
5
Let o(l) = -l. Let g(w) = 30. Let x(v) = g(v) - o(v). What is the units digit of x(-16)?
4
Suppose -340 = -2*f + 5*p, -5*f - 2*p + 908 = -0*f. What is the tens digit of f?
8
Let y be (-20)/(-70) - (-52)/14. Suppose y*u - 120 = u. What is the units digit of u?
0
Let g be (7/21)/(2/6). Suppose o - 6 = -g. Suppose -3*m = 2*m - 25, 5*h + o*m = 150. What is the units digit o